7 composite?
True
Is 295712063 a composite number?
True
Is 480286753 prime?
False
Is 1378398367 prime?
True
Is 2380290967 a prime number?
False
Is 4912505603 a prime number?
True
Is 702285593 prime?
True
Is 71916709 prime?
True
Is 123740835235 a composite number?
True
Is 145143653 prime?
False
Is 3755309513 prime?
False
Is 1079910763 prime?
False
Is 311047892567 composite?
False
Is 593208953 a composite number?
False
Is 2628649913 a composite number?
False
Is 48690425461 a composite number?
False
Is 94646003 prime?
True
Is 28957717 composite?
True
Is 2116038223 prime?
False
Is 494051029 a composite number?
True
Is 58387853339 prime?
True
Is 477152933 prime?
True
Is 289723573 composite?
True
Is 34853454557 composite?
True
Is 382327573 a prime number?
True
Is 327348031 a composite number?
False
Is 207091933 prime?
True
Is 115475777 a composite number?
True
Is 44686253 a prime number?
False
Is 103324483 prime?
True
Is 615174397 a prime number?
False
Is 5762546905 a prime number?
False
Is 8561431 composite?
True
Is 7015850627 a prime number?
True
Is 9201035777 a prime number?
True
Is 17777189531 a composite number?
True
Is 7747672885 a prime number?
False
Is 3745822097 a prime number?
False
Is 74950621 prime?
True
Is 18664020286 a composite number?
True
Is 5380247453 a prime number?
False
Is 1009829101 composite?
False
Is 5242799461 a prime number?
True
Is 1255705753 a prime number?
False
Is 36972783877 a prime number?
True
Is 5514058859 composite?
False
Is 54636251 a prime number?
True
Is 29014211 a composite number?
False
Is 110370295553 a prime number?
False
Is 1208863907 composite?
True
Is 4597592299 a composite number?
True
Is 1656371599 composite?
True
Is 1749489799 composite?
True
Is 131083327801 composite?
False
Is 3704316933 prime?
False
Is 5371893697 prime?
False
Is 2667808613 prime?
False
Is 36480140737 a prime number?
True
Is 32842091374 a composite number?
True
Is 203659901 a prime number?
True
Is 1886897227 a composite number?
False
Is 15546465637 a composite number?
False
Is 1829317961 prime?
False
Is 1746152407 composite?
True
Is 39451519594 prime?
False
Is 6491032231 prime?
True
Is 35742463963 composite?
False
Is 1803143483 prime?
True
Is 760936919 composite?
True
Is 4483288235 a prime number?
False
Is 1945010527 a composite number?
False
Is 452242547 a composite number?
True
Is 297633070549 prime?
True
Is 4385153173 a composite number?
True
Is 12932000051 composite?
False
Is 234256573 prime?
False
Is 7030261717 a prime number?
True
Is 13554393283 a composite number?
True
Is 16337526715 a prime number?
False
Is 49834199 prime?
True
Is 93904200673 a composite number?
False
Is 478728352985 a prime number?
False
Is 45361454057 prime?
True
Is 3212208443 composite?
False
Is 14208151861 a composite number?
True
Is 3130900567 a composite number?
True
Is 544225694 a composite number?
True
Is 202459277 a composite number?
True
Is 31221021343 a prime number?
False
Is 1284759733 prime?
False
Is 53917303313 a composite number?
True
Is 80977631297 composite?
True
Is 736837009 a prime number?
True
Is 233770021 a prime number?
True
Is 20523949 prime?
True
Is 831444157 composite?
False
Is 5106961411 a prime number?
True
Is 749943283 prime?
True
Is 2930779253 composite?
True
Is 2775089183 composite?
True
Is 142076364427 prime?
False
Is 152026055459 prime?
False
Is 5746532327 composite?
True
Is 156070529 a prime number?
True
Is 2647078361 prime?
True
Is 1375173263 composite?
False
Is 2531337023 a prime number?
False
Is 209714441 a prime number?
True
Is 646009859 a prime number?
False
Is 1276657 composite?
False
Is 29999573683 a composite number?
False
Is 1767351711 prime?
False
Is 69949711969 composite?
False
Is 867188193 a composite number?
True
Is 6205028161 composite?
True
Is 590830931 prime?
True
Is 39404522549 a composite number?
True
Is 37496408077 a prime number?
False
Is 23552364683 prime?
True
Is 369552649 prime?
True
Is 2577663827 prime?
False
Is 7321827523 a composite number?
False
Is 1718600011 a prime number?
False
Is 381711767 a composite number?
True
Is 352056091 a composite number?
False
Is 225605357 a prime number?
True
Is 3648255509 prime?
True
Is 1860775871 a prime number?
False
Is 7023689801 prime?
False
Is 78363287 prime?
True
Is 26035091503 composite?
False
Is 19833389479 prime?
True
Is 2770180295 composite?
True
Is 2093899949 composite?
False
Is 3444052541 a composite number?
True
Is 170257603 a composite number?
False
Is 267277537 a prime number?
True
Is 11875149562 prime?
False
Is 6348596011 composite?
True
Is 924629093 a composite number?
False
Is 5762129543 composite?
False
Is 969708367 a prime number?
True
Is 10383837131 a prime number?
True
Is 16560464059 a composite number?
True
Is 6020250023 a composite number?
True
Is 36793027 prime?
False
Is 277598653 a prime number?
False
Is 1391526215 prime?
False
Is 366131743 prime?
True
Is 1839887381 a composite number?
False
Is 759954722 composite?
True
Is 27014449079 composite?
False
Is 702260353 a prime number?
False
Is 1060165079 composite?
False
Is 2094148347 composite?
True
Is 253142367547 a prime number?
True
Is 1246073411 a prime number?
False
Is 558502729 prime?
True
Is 2109984571 a composite number?
True
Is 92914453 composite?
False
Is 228969733 composite?
True
Is 11035327807 composite?
True
Is 23212406233 composite?
True
Is 791107663 a prime number?
True
Is 2305102931 a prime number?
True
Is 3676937161 prime?
True
Is 485186957 a prime number?
False
Is 3644887831 a composite number?
True
Is 234846617 a prime number?
True
Is 1910514677 prime?
True
Is 752371871 a composite number?
False
Is 5131444363 a prime number?
False
Is 242985235 composite?
True
Is 1840547087 a prime number?
True
Is 26500321357 prime?
False
Is 181489859 prime?
False
Is 367328287 a prime number?
True
Is 43216452271 a composite number?
False
Is 532349381 prime?
True
Is 333209861 composite?
True
Is 17295270379 prime?
True
Is 262724857 prime?
True
Is 131785223903 a composite number?
True
Is 17561582651 a composite number?
False
Is 19674259757 a prime number?
True
Is 4261295893 a composite number?
True
Is 11006773583 a prime number?
False
Is 414445357 a composite number?
False
Is 374900179 a composite number?
True
Is 10655059507 a composite number?
True
Is 541588903 a prime number?
True
Is 1203416641 prime?
False
Is 1102519389 a composite number?
True
Is 3338212639 prime?
True
Is 12080945119 a composite number?
True
Is 8441139167 composite?
False
Is 40873069297 composite?
True
Is 7098295697 prime?
False
Is 33566586917 a prime number?
False
Is 2050245271 a composite number?
True
Is 18400748053 a prime number?
False
Is 1060841809 a composite number?
False
Is 27737447541 prime?
False
Is 10688000473 composite?
False
Is 1455000137 prime?
False
Is 71745493289 composite?
False
Is 761819479 a composite number?
False
Is 4686697177 a prime number?
False
Is 2747075183 a prime number?
True
Is 408962011 a prime number?
False
Is 601058177 a prime number?
True
Is 2778224374 a composite number?
True
Is 28011709157 composite?
True
Is 702513167 a prime number?
True
Is 56194612147 prime?
False
Is 1039780663 composite?
False
Is 4358315711 a composite number?
False
Is 6926796671 prime?
True
Is 152378964545 prime?
False
Is 8383536481 a composite number?
False
Is 17769828289 composite?
True
Is 284247851 a composite number?
True
Is 1181884309 composite?
False
Is 1752647579 composite?
True
Is 19412226287 prime?
False
Is 914662559 a prime number?
True
Is 4926444901 a composite number?
True
Is 110139237991 composite?
False
Is 9429176102 a prime number?
False
Is 24044353439 prime?
True
Is 6127813919 a composite number?
True
Is 2042021123 a prime number?
True
Is 25603720133 a composite number?
False
Is 27146968001 composite?
True
Is 38644271681 composite?
True
Is 182544474883 composite?
False
Is 90863999 a prime number?
False
Is 716920931 a prime number?
False
Is 179518789 a prime number?
False
Is 136133811923 a prime number?
False
Is 68205769747 composite?
False
Is 1441668881 prime?
True
Is 130666055633 a composite number?
True
Is 1476125803 composite?
False
Is 12592416929 a composite number?
False
Is 17746735219 a composite number?
True
Is 11525703737 a composite number?
True
Is 5275146449 a composite number?
False
Is 2237594